6*p**2 - 5*p + 9. Let x be r(j). Suppose 0 = -4*b + x*b - 290. What are the prime factors of b?
2, 29
Let f(z) = 7*z**2 - 76*z - 2. List the prime factors of f(-48).
2, 9887
Let t = 1295 + -1002. Suppose 4*r + 880 = 2*s, -3*s - r - 731 = -2030. Let y = s - t. List the prime factors of y.
3, 47
Let w(b) = b**3 + b**2 - 3*b + 5. Let i be w(-3). Let o be 8/(5 + i + 1). What are the prime factors of ((-5)/(-4))/(o/176)?
5, 11
Let o(n) = 9 + 2*n**2 - 4*n + 98*n**2 + 15*n + 0. List the prime factors of o(-2).
3, 43
Let m = 339 + -203. Suppose 0 = -2*z + y + m, y = 2*z + 2*y - 144. Suppose 7*u - w - z = 6*u, -u = 3*w - 78. What are the prime factors of u?
2, 3
Let q(m) = m**2 + 6*m - 7. Let l be q(4). Let s(n) = -n**3 + 33*n**2 + 35*n + 68. What are the prime factors of s(l)?
1223
Suppose h - 396 = -5*d, -2*d + 571 = 4*h - 995. What are the prime factors of h?
17, 23
Let h = -59174 - -121522. List the prime factors of h.
2, 11, 13, 109
Let j be (-7)/(189/24)*-1*9. Let n(t) = t**2 - 9*t + 11. Let z be n(8). Suppose -j*u + z*u = -250. List the prime factors of u.
2, 5
Let x(s) = -s**2 - 103*s - 770. List the prime factors of x(-33).
2, 5, 7, 11
Let m = 21601 - 7800. List the prime factors of m.
37, 373
Let q(l) = -16043*l - 931. What are the prime factors of q(-2)?
3, 5, 31, 67
Let x(t) = 128*t + 79. List the prime factors of x(21).
2767
Let x be 4/(-12) + 110/15. Suppose 11*j - 9900 = -x*j. List the prime factors of j.
2, 5, 11
Suppose -10285 = -u - 2*j + 8418, 0 = 5*u - 4*j - 93529. List the prime factors of u.
3, 5, 29, 43
Suppose 0 = 26*z - 25*z + 50. Let f be (-5)/z*5*96. Suppose 24 = 3*c - f. What are the prime factors of c?
2, 3
Suppose 0 = 6*k + 24*k - 65880. What are the prime factors of k?
2, 3, 61
Let w = 4193 - 777. Suppose 74*x = 81*x - w. List the prime factors of x.
2, 61
Suppose 6770 = 12*t - 7*t. List the prime factors of 2/((-8)/t)*-2.
677
Suppose 4*r + p - 374 = 0, 12*p - 10*p + 182 = 2*r. What are the prime factors of 6 - (-3 - (r + 5))?
107
List the prime factors of 29 + -24 + ((-770)/(-7))/(2/85).
2, 3, 5, 13
Suppose 214*y = 2705588 + 4577298 - 1938878. List the prime factors of y.
2, 3, 2081
Suppose -2824397 + 4349681 = 129*k - 5947428. List the prime factors of k.
2, 13, 557
Let h be 6/(-15) + 36/15. Suppose 0 = -2*u - 3*q + 89, 48 = u + 3*q + h*q. Suppose u + 38 = o. List the prime factors of o.
3
Let r(l) = -20*l + 14. Let u be 4 - (4 + (-12)/4)*19. What are the prime factors of r(u)?
2, 157
Let u(v) = 21*v**3 - 4*v**2 - 3*v + 4. Suppose 0 = -3*k + 2*s + 2, -5*s - 12 = 8. Let t be u(k). Let a = t + 245. List the prime factors of a.
71
Let p = -5074 - -9322. List the prime factors of p.
2, 3, 59
Let b(m) = 418*m**3 + 6*m**2 + 11*m + 40. Let z(k) = -140*k**3 - 2*k**2 - 4*k - 13. Let i(v) = 2*b(v) + 7*z(v). List the prime factors of i(-2).
5, 229
Let p(c) = -313*c + 105. List the prime factors of p(-8).
2609
List the prime factors of 136/(-3)*3240/(-32) + 8.
2, 11, 19
Suppose 0*h = h - 307. Suppose 0 = 24*u - 84*u + 180. Suppose 5*n - 501 = -2*v, -3*v + 5*v + h = u*n. What are the prime factors of n?
101
Let b be (-30)/(-40)*(2 - -2). Suppose 112 = b*m - 1382. List the prime factors of m.
2, 3, 83
Let u(c) = -c**3 - 7*c**2 + 19*c + 109. List the prime factors of u(-15).
2, 7, 29
Suppose 5*g = 4*u + 55349 - 7795, 5 = -5*u. What are the prime factors of g?
2, 3, 5, 317
Suppose 9*k = 2*h + 4*k - 2888, -5*h = 5*k - 7185. Let v be (-3)/2*(-1828)/3. Suppose -v = -13*z + h. List the prime factors of z.
181
Suppose 2*g - 5*b = 40962, 21682 - 1228 = g + 2*b. What are the prime factors of g?
2, 3, 379
Suppose 2*a - 3*c - 35 = 0, 0 = -2*a - 2*c + 3 + 7. List the prime factors of 8/a*194*(-30)/(-8).
2, 3, 97
List the prime factors of (-160)/(-16) + -8 - 4*3435/(-6).
2, 3, 191
Let p(l) = -9*l**3 - 7*l**2 + 3*l + 3. Let z be p(3). Let r = 539 + z. What are the prime factors of r?
5, 7
Let p(k) = 80*k**2 - 3 + 5868*k - 5802*k - 6. List the prime factors of p(-4).
19, 53
Let k(s) = s**2 - 126*s - 1475. List the prime factors of k(-79).
2, 5, 23
Let d(k) = -8*k - 94. Let m be d(-11). List the prime factors of (-34)/51 + (4160/m)/(-5).
2, 3, 23
Suppose -2*a - 155620 = 31*d - 35*d, -4*d - 3*a + 155650 = 0. List the prime factors of d.
2, 71, 137
Let g(j) = -3*j**2 + 296*j - 109. What are the prime factors of g(42)?
79, 89
Let h(u) = 2*u**2 - 7*u + 11. Let t be h(11). Let g = 257 - t. What are the prime factors of g?
3
Suppose -h = 2*q - 2, -q + 1 = 3*h - 5. Suppose q = -2*o - 3*a - 31, -2*o + 2*a - 25 = 7*a. Let l(s) = s**2 + 18*s + 11. What are the prime factors of l(o)?
3, 17
Suppose -3*h = 8*t - 3*t - 46932, -3*h + t + 46968 = 0. List the prime factors of h.
2, 3, 2609
Let o(p) = p + 35. Suppose 2*w - 136 = -5*m, -4*m - 5*w + 28 + 74 = 0. Suppose -m*a + 23*a = 0. List the prime factors of o(a).
5, 7
Suppose 5*h - 7 = -4*k, -11*h = -15*h - 4. Suppose -2*m - 1880 = -k*m - 3*z, 0 = -4*m + 5*z + 7520. What are the prime factors of m?
2, 5, 47
Let k(w) = -16927*w**3 - w**2 + 13*w + 13. What are the prime factors of k(-1)?
2, 3, 7, 13, 31
Let m = 212 + -210. Let w be 2/8 - (-77)/28. Suppose 0 = 3*l + 3, 0 = -0*a - m*a + w*l + 345. List the prime factors of a.
3, 19
Let k be (-37)/(-9) + 8/(-72). Let q be 13 - 1*(k - 3). Let r = q - -5. What are the prime factors of r?
17
Suppose -5*r = -4*t + 988, 2*r + 2*r - 5*t = -785. List the prime factors of 4/(-5*4/r).
2, 5
Let r(b) = -b**2 + 31*b + 2. Let y be r(31). Suppose -5*k + 2*k + 4096 = -y*t, 3*t + 4101 = 3*k. List the prime factors of k.
2, 3, 227
What are the prime factors of (1 + (-202)/(-8) + -4)/(5/1260)?
3, 7, 89
Suppose -16279 = -5*d - 4024. Suppose -4*b = 2*s - 7*b - 1233, 4*s - d = 3*b. What are the prime factors of s?
3, 7, 29
What are the prime factors of 2901/2*(1 - 187/(-33))?
2, 5, 967
Let u(r) be the second derivative of -3*r**3/2 + 3*r**2/2 - 12*r. Let d be u(1). What are the prime factors of (27/d)/(15/(-100))?
2, 3, 5
Let u(h) = -282*h - 167. Let j be u(-9). Suppose -j = -2*n + 3*i, -n - 476 = -i - 1660. List the prime factors of n.
1181
Let w be 1/((-15)/30 - (-6)/8). Suppose 2*o = 4*m - 540, 4*m + w*o - 348 = 192. List the prime factors of m.
3, 5
Let f(y) = 245*y**3 - 3*y**2 - 2*y + 1. Let k be f(2). Let u = k + -936. List the prime factors of u.
1009
Suppose -211514 = -122*p + 566968. List the prime factors of p.
3, 709
Let d(n) = -34*n - 21. Let r be d(2). Let a = r + 324. List the prime factors of a.
5, 47
Let g(c) = 7*c**2 - 2*c + 5. Let k be g(0). Suppose -5*a + 3 = -k*m - 2, 4*m - 4 = 0. What are the prime factors of a?
2
Let o(d) = 7*d - 7. Let r(i) = 155*i - 155. Let w(x) = 7*x - 11. Let u be w(8). Let l(z) = u*o(z) - 2*r(z). List the prime factors of l(4).
3, 5
Let a(z) = -3*z + 33. Let o be a(10). Suppose 3*h = 4*k + 5, 5 = -h - 0*h + o*k. List the prime factors of (h - 7) + 39 + -1.
2, 19
Let g(w) = -11 + w**2 - w - 4*w - 6*w + 45. Let s be g(6). Suppose -2*l + 0*l + 79 = n, 4*n - s = 0. List the prime factors of l.
3, 13
Suppose 2*t = -8*t + 40. Suppose t*u = 3*y - 7, 3*y + y = 2*u + 16. Suppose 2*o + 5*k - 207 = 0, 3*k - k = y*o - 503. List the prime factors of o.
101
Suppose -6603 = -12*c + 56395 + 61622. What are the prime factors of c?
5, 31, 67
Suppose -64560 = -26*x + 125318. List the prime factors of x.
67, 109
Let v be ((-804)/18)/((-6)/(-9)). Let c = v - 20. Let l = 108 + c. What are the prime factors of l?
3, 7
Let v = 78 + -78. Suppose -6 = -2*d + 4*h - v, -3*h = 3*d - 36. Suppose d*k - 512 = 5*k. What are the prime factors of k?
2
Suppose -24*s - 51*s + 265425 = 0. List the prime factors of s.
3539
Suppose 0*w + 2768 = 4*w. Suppose -1 = -l, 0 = -4*p + 2*l + 2*l + w. Suppose -2*m = -2*o + 368, 3*o + p = 4*o + m. List the prime factors of o.
179
Suppose -15 = -8*l + 441. Suppose 0 = 66*x - l*x - 3195. What are the prime factors of x?
5, 71
Suppose 5*o - 76356 = 11*u - 7*u, -5*u = 3*o - 45858. What are the prime factors of o?
2, 3, 19, 67
Suppose -3097101 + 67464 = -24*o - 15*o. What are the prime factors of o?
131, 593
Let v(p) = 140*p - 64. Let d(h) = -1. Let x(j) = -12*d(j) + v(j). What are the prime factors of x(4)?
2, 127
Let m = -501 - -712. Let g = m - -179. Suppose -2*u = i - g, i = -3*u + 343 + 240. List the prime factors of u.
193
Let x(k) = -7*k 